{"id":8096,"date":"2018-02-28T07:40:29","date_gmt":"2018-02-28T07:40:29","guid":{"rendered":"https:\/\/enovathemes.com\/samatex\/?page_id=8096"},"modified":"2021-06-20T17:18:11","modified_gmt":"2021-06-20T15:18:11","slug":"about-us","status":"publish","type":"page","link":"https:\/\/train-suarl.com\/index.php\/about-us\/","title":{"rendered":"A propos de nous"},"content":{"rendered":"[vc_row][vc_column]<h3 class=\"et-heading text-align-left tablet-text-align-inherit mobile-text-align-inherit animate-false no-animation-type\" id=\"et-heading-398622\" data-delay=\"0\" data-mobile-font=\"56px\" data-mobile-line-height=\"inherit\" data-tablet-landscape-font=\"inherit\" data-tablet-portrait-font=\"inherit\" data-tablet-landscape-line-height=\"inherit\" data-tablet-portrait-line-height=\"inherit\" data-parallax=\"false\" data-move=\"false\" data-coordinatex=\"0\" data-coordinatey=\"0\" data-speed=\"10\"><span class=\"text-wrapper\"><span class=\"text\">Qui sommes-nous?<\/span><\/span><\/h3><span class=\"et-gap et-clearfix et-gap-407679 hide1280\"><\/span>[vc_column_text animation_delay=&#8221;0&#8243;]\n<p style=\"text-align: center;\"><span class=\"et-font-size\" data-fontsize=\"24px\" data-lineheight=\"32px\"><span style=\"color: #000000;\">TransAtlantic est une entreprise fond\u00e9e en 2015 par Abdou Khadre Diokhane. Apr\u00e8s plus de 15 ans d&#8217;exp\u00e9rience europ\u00e9enne dans le secteur industriel italien, il a souhait\u00e9 enrichir le monde industriel du S\u00e9n\u00e9gal et une partie de l&#8217;Afrique de l&#8217;Ouest dans l&#8217;utilisation des articles et produits certifi\u00e9s dans le monde industriel et p\u00e9trochimique avec une garantie dans le respect, s\u00e9curit\u00e9 et qualit\u00e9 en respectant les normes du milieu.\u00a0 <\/span><br \/>\n<span style=\"color: #000000;\">\u00c0 partir de l\u00e0, des soci\u00e9t\u00e9s italiennes de renom dans le secteur p\u00e9trochimique ont souhait\u00e9 accompagner le projet au S\u00e9n\u00e9gal dans lequel il fait maintenant partie du march\u00e9 depuis pas mal d\u2019ann\u00e9es. L\u2019objectif reste et demeure de doter du monde industriel S\u00e9n\u00e9galais et africain des produits conformes aux normes et r\u00e8gles du milieu tout en tenant compte sur la consid\u00e9ration des travailleurs et de l\u2019environnement. .<\/span><\/span>[\/vc_column_text][\/vc_column][\/vc_row][vc_row element_id=&#8221;567439&#8243; css=&#8221;.vc_custom_1548937263345{padding-top: 96px !important;padding-bottom: 96px !important;background-color: #f5f5f5 !important;}&#8221;][vc_column animation_delay=&#8221;0&#8243; css_animation=&#8221;bottom-to-top&#8221; width=&#8221;1\/2&#8243; element_id=&#8221;221159&#8243; offset=&#8221;vc_col-lg-3 vc_col-md-3 vc_col-xs-12&#8243; crp=&#8221;480:i:i,480-768:i:i,768-1024:i:i,1024-1280:i:i,1280-1366:i:i,1366-1600:i:i,1600-1920:i:i&#8221;]<div id=\"et-counter-226486\" class=\"et-counter et-clearfix size-small\" data-to=\"51\" data-parallax=\"false\" data-move=\"false\" data-coordinatex=\"0\" data-coordinatey=\"0\" data-speed=\"10\"><div class=\"et-counter-inner\"><div class=\"counter-moving\"><div class=\"counter-moving-child\"><\/div><\/div><div class=\"counter-content\"><div class=\"counter-value\" data-font=\"56px\"><span class=\"counter\"><\/span><\/div><h4 class=\"counter-title\" data-font=\"24px\">Clients<\/h4><\/div><\/div><\/div><span class=\"et-gap et-clearfix et-gap-188882 hide1024\"><\/span>[\/vc_column][vc_column animation_delay=&#8221;150&#8243; css_animation=&#8221;bottom-to-top&#8221; width=&#8221;1\/2&#8243; element_id=&#8221;598914&#8243; offset=&#8221;vc_col-lg-3 vc_col-md-3 vc_col-xs-12&#8243; crp=&#8221;480:i:i,480-768:i:i,768-1024:i:i,1024-1280:i:i,1280-1366:i:i,1366-1600:i:i,1600-1920:i:i&#8221;]<div id=\"et-counter-659166\" class=\"et-counter et-clearfix size-small\" data-to=\"100\" data-parallax=\"false\" data-move=\"false\" data-coordinatex=\"0\" data-coordinatey=\"0\" data-speed=\"10\"><div class=\"et-counter-inner\"><div class=\"counter-moving\"><div class=\"counter-moving-child\"><\/div><\/div><div class=\"counter-content\"><div class=\"counter-value\" data-font=\"56px\"><span class=\"counter\"><\/span><\/div><h4 class=\"counter-title\" data-font=\"24px\">Dossiers trait\u00e9s<\/h4><\/div><\/div><\/div><span class=\"et-gap et-clearfix et-gap-188882 hide1024\"><\/span>[\/vc_column][vc_column animation_delay=&#8221;300&#8243; css_animation=&#8221;bottom-to-top&#8221; width=&#8221;1\/2&#8243; element_id=&#8221;75723&#8243; offset=&#8221;vc_col-lg-3 vc_col-md-3 vc_col-xs-12&#8243; crp=&#8221;480:i:i,480-768:i:i,768-1024:i:i,1024-1280:i:i,1280-1366:i:i,1366-1600:i:i,1600-1920:i:i&#8221;]<div id=\"et-counter-580939\" class=\"et-counter et-clearfix size-small\" data-to=\"8\" data-parallax=\"false\" data-move=\"false\" data-coordinatex=\"0\" data-coordinatey=\"0\" data-speed=\"10\"><div class=\"et-counter-inner\"><div class=\"counter-moving\"><div class=\"counter-moving-child\"><\/div><\/div><div class=\"counter-content\"><div class=\"counter-value\" data-font=\"56px\"><span class=\"counter\"><\/span><\/div><h4 class=\"counter-title\" data-font=\"24px\">Collaborateurs<\/h4><\/div><\/div><\/div><span class=\"et-gap et-clearfix et-gap-189286 hide768\"><\/span>[\/vc_column][vc_column animation_delay=&#8221;450&#8243; css_animation=&#8221;bottom-to-top&#8221; width=&#8221;1\/2&#8243; element_id=&#8221;6121&#8243; offset=&#8221;vc_col-lg-3 vc_col-md-3 vc_col-xs-12&#8243; crp=&#8221;480:i:i,480-768:i:i,768-1024:i:i,1024-1280:i:i,1280-1366:i:i,1366-1600:i:i,1600-1920:i:i&#8221;]<div id=\"et-counter-683400\" class=\"et-counter et-clearfix size-small\" data-to=\"5\" data-parallax=\"false\" data-move=\"false\" data-coordinatex=\"0\" data-coordinatey=\"0\" data-speed=\"10\"><div class=\"et-counter-inner\"><div class=\"counter-moving\"><div class=\"counter-moving-child\"><\/div><\/div><div class=\"counter-content\"><div class=\"counter-value\" data-font=\"56px\"><span class=\"counter\"><\/span><\/div><h4 class=\"counter-title\" data-font=\"24px\">Pays<\/h4><\/div><\/div><\/div>[\/vc_column][\/vc_row][vc_row element_id=&#8221;667817&#8243; element_css=&#8221;.vc-row-667817 .parallax-container {background-image:url(http:\/\/train-suarl.com\/wp-content\/uploads\/2019\/01\/industrial6-2.jpg);}&#8221; grid_overlay=&#8221;white&#8221; parallax=&#8221;true&#8221; css=&#8221;.vc_custom_1546696454651{padding-top: 120px !important;padding-bottom: 120px !important;background: #212121 url(http:\/\/train-suarl.com\/wp-content\/uploads\/2018\/12\/back2-3.png?id=13530);background-position:00;background-repeat:-repeat;}&#8221; el_class=&#8221;background-position-right-bottom&#8221; parallax_image=&#8221;14032&#8243;][vc_column animation_delay=&#8221;0&#8243; element_id=&#8221;401125&#8243; crp=&#8221;480:i:i,480-768:i:i,768-1024:10:10,1024-1280:20:20,1280-1366:i:i,1366-1600:i:i,1600-1920:i:i&#8221; offset=&#8221;vc_col-lg-6 vc_col-md-12 vc_col-xs-12&#8243;]<div id=\"et-icon-box-707678\" class=\"et-icon-box et-item icon-position-left icon-alignment-left hover-none\" data-parallax=\"false\" data-move=\"false\" data-coordinatex=\"0\" data-coordinatey=\"0\" data-speed=\"10\"><div class=\"et-icon-box-inner et-item-inner et-clearfix\"><div class=\"et-icon large-xx\"><span class=\"el-icon industrial enova-industrial-hydroelectric-power-station\"><\/span><\/div><div class=\"et-icon-content et-clearfix\"><h3 class=\"et-icon-box-title\">Meilleur service :<\/h3><p class=\"et-icon-box-content\"><span style=\"font-weight: 600;\"><span class=\"et-font-size\" data-fontsize=\"18px\" data-lineheight=\"28px\">nous offrons le service maximum demand\u00e9 par nos clients avec la disponibilit\u00e9 de nos collaborateurs 24h \/ 24.<\/span><\/span><\/p><\/div><\/div><\/div><span class=\"et-gap et-clearfix et-gap-129237\"><\/span><div id=\"et-icon-box-609786\" class=\"et-icon-box et-item icon-position-left icon-alignment-left hover-none\" data-parallax=\"false\" data-move=\"false\" data-coordinatex=\"0\" data-coordinatey=\"0\" data-speed=\"10\"><div class=\"et-icon-box-inner et-item-inner et-clearfix\"><div class=\"et-icon large-xx\"><span class=\"el-icon industrial enova-industrial-coal-1\"><\/span><\/div><div class=\"et-icon-content et-clearfix\"><h3 class=\"et-icon-box-title\">Qualit\u00e9<\/h3><p class=\"et-icon-box-content\"><span style=\"font-weight: 600;\"><span class=\"et-font-size\" data-fontsize=\"18px\" data-lineheight=\"28px\">nous avons la meilleure qualit\u00e9 de produits sur le march\u00e9 industriel;<\/span><\/span><\/p><\/div><\/div><\/div><span class=\"et-gap et-clearfix et-gap-993285 hide1280\"><\/span>[\/vc_column][vc_column animation_delay=&#8221;0&#8243; element_id=&#8221;491115&#8243; offset=&#8221;vc_col-lg-6 vc_col-md-12 vc_col-xs-12&#8243; crp=&#8221;480:i:i,480-768:i:i,768-1024:10:10,1024-1280:20:20,1280-1366:i:i,1366-1600:i:i,1600-1920:i:i&#8221;]<div id=\"et-icon-box-474397\" class=\"et-icon-box et-item icon-position-left icon-alignment-left hover-none\" data-parallax=\"false\" data-move=\"false\" data-coordinatex=\"0\" data-coordinatey=\"0\" data-speed=\"10\"><div class=\"et-icon-box-inner et-item-inner et-clearfix\"><div class=\"et-icon large-xx\"><span class=\"el-icon industrial enova-industrial-electric-car\"><\/span><\/div><div class=\"et-icon-content et-clearfix\"><h3 class=\"et-icon-box-title\">La certification<\/h3><p class=\"et-icon-box-content\"><span style=\"font-weight: 600;\"><span class=\"et-font-size\" data-fontsize=\"18px\" data-lineheight=\"28px\">tous les produits sont certifi\u00e9s et un\u00a0<em>code<\/em>\u00a0d&#8217;identification\u00a0<em>est<\/em> affect\u00e9 \u00e0 chaque produit<\/span><\/span><\/p><\/div><\/div><\/div><span class=\"et-gap et-clearfix et-gap-129237\"><\/span><div id=\"et-icon-box-887951\" class=\"et-icon-box et-item icon-position-left icon-alignment-left hover-none\" data-parallax=\"false\" data-move=\"false\" data-coordinatex=\"0\" data-coordinatey=\"0\" data-speed=\"10\"><div class=\"et-icon-box-inner et-item-inner et-clearfix\"><div class=\"et-icon large-xx\"><span class=\"el-icon industrial enova-industrial-sustainable-factory\"><\/span><\/div><div class=\"et-icon-content et-clearfix\"><h3 class=\"et-icon-box-title\">Comp\u00e9titivit\u00e9 des prix<\/h3><p class=\"et-icon-box-content\"><span style=\"font-weight: 600;\"><span class=\"et-font-size\" data-fontsize=\"18px\" data-lineheight=\"28px\">nous avons les meilleurs prix du march\u00e9 dans tout le S\u00e9n\u00e9gal;<\/span><\/span><\/p><\/div><\/div><\/div>[\/vc_column][\/vc_row][vc_row element_id=&#8221;650745&#8243; grid_overlay=&#8221;black&#8221; css=&#8221;.vc_custom_1548936586959{padding-top: 96px !important;}&#8221;][vc_column animation_delay=&#8221;0&#8243; css_animation=&#8221;right-to-left&#8221; element_id=&#8221;944031&#8243; crp=&#8221;480:i:i,480-768:i:i,768-1024:i:i,1024-1280:i:i,1280-1366:i:i,1366-1600:i:i,1600-1920:i:i&#8221;]<p class=\"et-highlight-heading text-align-left tablet-text-align-inherit mobile-text-align-inherit\" id=\"et-highlight-heading-689606\" data-mobile-font=\"inherit\" data-mobile-line-height=\"inherit\" data-tablet-landscape-font=\"inherit\" data-tablet-portrait-font=\"inherit\" data-tablet-landscape-line-height=\"inherit\" data-tablet-portrait-line-height=\"inherit\" data-parallax=\"false\" data-move=\"false\" data-coordinatex=\"0\" data-coordinatey=\"0\" data-speed=\"10\"><span class=\"text-wrapper\"><span class=\"text\">Notre \u00e9quipe de r\u00eave<\/span><\/span><\/p><h3 class=\"et-heading text-align-left tablet-text-align-inherit mobile-text-align-inherit animate-false no-animation-type\" id=\"et-heading-781397\" data-delay=\"0\" data-mobile-font=\"56px\" data-mobile-line-height=\"inherit\" data-tablet-landscape-font=\"inherit\" data-tablet-portrait-font=\"inherit\" data-tablet-landscape-line-height=\"inherit\" data-tablet-portrait-line-height=\"inherit\" data-parallax=\"false\" data-move=\"false\" data-coordinatex=\"0\" data-coordinatey=\"0\" data-speed=\"10\"><span class=\"text-wrapper\"><span class=\"text\">L&#8217;\u00e9quipe de TRAIN SUARL<\/span><\/span><\/h3>[\/vc_column][\/vc_row][vc_row gap=&#8221;40&#8243; element_id=&#8221;432031&#8243; grid_overlay=&#8221;black&#8221; css=&#8221;.vc_custom_1548936602239{padding-top: 0px !important;padding-bottom: 40px !important;}&#8221;][vc_column animation_delay=&#8221;0&#8243; css_animation=&#8221;bottom-to-top&#8221; width=&#8221;1\/4&#8243; element_id=&#8221;836427&#8243; crp=&#8221;480:i:i,480-768:i:i,768-1024:i:i,1024-1280:i:i,1280-1366:i:i,1366-1600:i:i,1600-1920:i:i&#8221;]<div id=\"et-person-18090\" class=\"et-person et-item\"><div class=\"person-inner\"><div class=\"person-image\"><img decoding=\"async\" alt=\"Abdou Khadre DIOKHANE\" src=\"https:\/\/train-suarl.com\/wp-content\/uploads\/2021\/06\/dg.jpg\" \/><\/div><div class=\"person-content et-clearfix\"><h4 class=\"name\">Abdou Khadre DIOKHANE<\/h4><span class=\"title\">Pr\u00e9sident Directeur G\u00e9n\u00e9ral<\/span><div class=\"styling-original-false et-social-links\"><\/div><\/div><\/div><\/div><span class=\"et-gap et-clearfix et-gap-155059 hide768\"><\/span>[\/vc_column][vc_column animation_delay=&#8221;100&#8243; css_animation=&#8221;bottom-to-top&#8221; width=&#8221;1\/4&#8243; element_id=&#8221;951701&#8243; crp=&#8221;480:i:i,480-768:i:i,768-1024:i:i,1024-1280:i:i,1280-1366:i:i,1366-1600:i:i,1600-1920:i:i&#8221;]<div id=\"et-person-27888\" class=\"et-person et-item\"><div class=\"person-inner\"><div class=\"person-image\"><img decoding=\"async\" alt=\"Modou DIOKHANE\" src=\"https:\/\/train-suarl.com\/wp-content\/uploads\/2021\/05\/Sans-titre-14.jpg\" \/><\/div><div class=\"person-content et-clearfix\"><h4 class=\"name\">Modou DIOKHANE<\/h4><span class=\"title\">Responsable Administratif et Commercial<\/span><div class=\"styling-original-false et-social-links\"><\/div><\/div><\/div><\/div>[\/vc_column][vc_column animation_delay=&#8221;200&#8243; css_animation=&#8221;bottom-to-top&#8221; width=&#8221;1\/4&#8243; element_id=&#8221;563742&#8243; crp=&#8221;480:i:i,480-768:i:i,768-1024:i:i,1024-1280:i:i,1280-1366:i:i,1366-1600:i:i,1600-1920:i:i&#8221;]<div id=\"et-person-487367\" class=\"et-person et-item\"><div class=\"person-inner\"><div class=\"person-image\"><img decoding=\"async\" alt=\"Madeleine Faye\" src=\"https:\/\/train-suarl.com\/wp-content\/uploads\/2021\/05\/Sans-titre-14-1.jpg\" \/><\/div><div class=\"person-content et-clearfix\"><h4 class=\"name\">Madeleine Faye<\/h4><span class=\"title\">Assistante et attach\u00e9e commerciale<\/span><div class=\"styling-original-false et-social-links\"><\/div><\/div><\/div><\/div>[\/vc_column][vc_column width=&#8221;1\/4&#8243;]<div id=\"et-person-413063\" class=\"et-person et-item\"><div class=\"person-inner\"><div class=\"person-image\"><img decoding=\"async\" alt=\"Yacine Ciss\u00e9\" src=\"https:\/\/train-suarl.com\/wp-content\/uploads\/2021\/06\/comptable.jpg\" \/><\/div><div class=\"person-content et-clearfix\"><h4 class=\"name\">Yacine Ciss\u00e9<\/h4><span class=\"title\">Comptable<\/span><div class=\"styling-original-false et-social-links\"><\/div><\/div><\/div><\/div>[\/vc_column][\/vc_row][vc_row gap=&#8221;0&#8243; element_id=&#8221;853826&#8243; grid_overlay=&#8221;black&#8221; css=&#8221;.vc_custom_1548933579329{padding-top: 96px !important;background-color: #f5f5f5 !important;}&#8221; el_id=&#8221;one-page-banners&#8221;][vc_column animation_delay=&#8221;0&#8243; css_animation=&#8221;right-to-left&#8221; element_id=&#8221;935531&#8243; crp=&#8221;480:i:i,480-768:i:i,768-1024:i:i,1024-1280:i:i,1280-1366:i:i,1366-1600:i:i,1600-1920:i:i&#8221;]<p class=\"et-highlight-heading text-align-left tablet-text-align-inherit mobile-text-align-inherit\" id=\"et-highlight-heading-617820\" data-mobile-font=\"inherit\" data-mobile-line-height=\"inherit\" data-tablet-landscape-font=\"inherit\" data-tablet-portrait-font=\"inherit\" data-tablet-landscape-line-height=\"inherit\" data-tablet-portrait-line-height=\"inherit\" data-parallax=\"false\" data-move=\"false\" data-coordinatex=\"0\" data-coordinatey=\"0\" data-speed=\"10\"><span class=\"text-wrapper\"><span class=\"text\">Train Suarl<\/span><\/span><\/p><h3 class=\"et-heading text-align-left tablet-text-align-inherit mobile-text-align-inherit animate-false no-animation-type\" id=\"et-heading-785550\" data-delay=\"0\" data-mobile-font=\"56px\" data-mobile-line-height=\"inherit\" data-tablet-landscape-font=\"inherit\" data-tablet-portrait-font=\"inherit\" data-tablet-landscape-line-height=\"inherit\" data-tablet-portrait-line-height=\"inherit\" data-parallax=\"false\" data-move=\"false\" data-coordinatex=\"0\" data-coordinatey=\"0\" data-speed=\"10\"><span class=\"text-wrapper\"><span class=\"text\">Plus <span class=\"et-gap et-clearfix et-gap-1\"><\/span> d&#8217;informations ?<\/span><\/span><\/h3>[\/vc_column][\/vc_row][vc_row gap=&#8221;40&#8243; element_id=&#8221;858585&#8243; element_css=&#8221;.vc-row-743126 .top-gradient {background:linear-gradient(to bottom, #ffffff 0%,rgba(255,255,255,0) 100%);}.vc-row-743126 .bottom-gradient {background:linear-gradient(to top, #ffffff 0%,rgba(255,255,255,0) 100%);}&#8221; grid_overlay=&#8221;black&#8221; css=&#8221;.vc_custom_1548933594024{padding-top: 0px !important;padding-bottom: 96px !important;background-image: url(http:\/\/train-suarl.com\/wp-content\/uploads\/2019\/01\/industrial7-1.jpg?id=14049) !important;background-position: center !important;background-repeat: no-repeat !important;background-size: cover !important;}&#8221; gradient_color=&#8221;#ffffff&#8221;][vc_column animation_delay=&#8221;0&#8243; shadow=&#8221;true&#8221; css_animation=&#8221;left-to-right&#8221; element_id=&#8221;653524&#8243; offset=&#8221;vc_col-lg-4 vc_col-md-12 vc_col-xs-12&#8243; crp=&#8221;480:10:10,480-768:i:i,768-1024:i:i,1024-1280:i:i,1280-1366:i:i,1366-1600:i:i,1600-1920:i:i&#8221; css=&#8221;.vc_custom_1547214312516{margin-bottom: 40px !important;padding-top: 48px !important;padding-right: 48px !important;padding-bottom: 48px !important;padding-left: 48px !important;background: #ffffff url(http:\/\/train-suarl.com\/wp-content\/uploads\/2019\/01\/back6-1.png?id=15048) !important;background-position: 0 0 !important;background-repeat: no-repeat !important;}&#8221; el_class=&#8221;background-position-right-bottom&#8221;]<h1 class=\"et-heading text-align-left tablet-text-align-inherit mobile-text-align-inherit animate-false no-animation-type\" id=\"et-heading-375141\" data-delay=\"0\" data-mobile-font=\"24px\" data-mobile-line-height=\"inherit\" data-tablet-landscape-font=\"inherit\" data-tablet-portrait-font=\"inherit\" data-tablet-landscape-line-height=\"inherit\" data-tablet-portrait-line-height=\"inherit\" data-parallax=\"false\" data-move=\"false\" data-coordinatex=\"0\" data-coordinatey=\"0\" data-speed=\"10\"><span class=\"text-wrapper\"><span class=\"text\">Postes <span class=\"et-gap et-clearfix et-gap-1\"><\/span> vacants<\/span><\/span><\/h1><span class=\"et-gap et-clearfix et-gap-270331\"><\/span><a id=\"et-button-624699\" class=\"et-button icon-position-right modal-false large hover-fill click-none has-icon\" target=\"_self\" href=\"http:\/\/train-suarl.com\/index.php\/candidature\/\" data-animation-delay=\"0\" data-parallax=\"false\" data-move=\"false\" data-coordinatex=\"0\" data-coordinatey=\"0\" data-speed=\"10\"><span class=\"hover\"><\/span><span class=\"regular\"><\/span><span class=\"text\">D\u00e9poser votre cv<\/span><span class=\"icon ien ien-earrow-3\"><\/span><\/a>[\/vc_column][vc_column animation_delay=&#8221;150&#8243; shadow=&#8221;true&#8221; css_animation=&#8221;bottom-to-top&#8221; element_id=&#8221;84052&#8243; offset=&#8221;vc_col-lg-4 vc_col-md-12 vc_col-xs-12&#8243; crp=&#8221;480:10:10,480-768:i:i,768-1024:i:i,1024-1280:i:i,1280-1366:i:i,1366-1600:i:i,1600-1920:i:i&#8221; css=&#8221;.vc_custom_1547214330269{margin-bottom: 40px !important;padding-top: 48px !important;padding-right: 48px !important;padding-bottom: 48px !important;padding-left: 48px !important;background: #212121 url(http:\/\/train-suarl.com\/wp-content\/uploads\/2019\/01\/back7-1.png?id=15064) !important;background-position: 0 0 !important;background-repeat: no-repeat !important;}&#8221; el_class=&#8221;background-position-right-bottom&#8221;]<h1 class=\"et-heading text-align-left tablet-text-align-inherit mobile-text-align-inherit animate-false no-animation-type\" id=\"et-heading-372282\" data-delay=\"0\" data-mobile-font=\"24px\" data-mobile-line-height=\"inherit\" data-tablet-landscape-font=\"inherit\" data-tablet-portrait-font=\"inherit\" data-tablet-landscape-line-height=\"inherit\" data-tablet-portrait-line-height=\"inherit\" data-parallax=\"false\" data-move=\"false\" data-coordinatex=\"0\" data-coordinatey=\"0\" data-speed=\"10\"><span class=\"text-wrapper\"><span class=\"text\">Notre<span class=\"et-gap et-clearfix et-gap-1\"><\/span> <span class=\"highlight\" style=\"color: #009ec5;\">Adresse<\/span><\/span><\/span><\/h1><span class=\"et-gap et-clearfix et-gap-270331\"><\/span><a id=\"et-button-645146\" class=\"et-button icon-position-right modal-false large hover-fill click-none has-icon\" target=\"_self\" href=\"http:\/\/train-suarl.com\/index.php\/contact-us\/\" data-animation-delay=\"0\" data-parallax=\"false\" data-move=\"false\" data-coordinatex=\"0\" data-coordinatey=\"0\" data-speed=\"10\"><span class=\"hover\"><\/span><span class=\"regular\"><\/span><span class=\"text\">Contactez-nous<\/span><span class=\"icon ien ien-earrow-3\"><\/span><\/a>[\/vc_column][vc_column animation_delay=&#8221;50&#8243; shadow=&#8221;true&#8221; css_animation=&#8221;right-to-left&#8221; element_id=&#8221;403159&#8243; offset=&#8221;vc_col-lg-4 vc_col-md-12 vc_col-xs-12&#8243; crp=&#8221;480:10:10,480-768:i:i,768-1024:i:i,1024-1280:i:i,1280-1366:i:i,1366-1600:i:i,1600-1920:i:i&#8221; css=&#8221;.vc_custom_1547214349315{padding-top: 48px !important;padding-right: 48px !important;padding-bottom: 48px !important;padding-left: 48px !important;background: #009ec5 url(http:\/\/train-suarl.com\/wp-content\/uploads\/2018\/12\/back3-2.png?id=13513) !important;background-position: 0 0 !important;background-repeat: no-repeat !important;}&#8221; el_class=&#8221;background-position-right-bottom&#8221;]<h1 class=\"et-heading text-align-left tablet-text-align-inherit mobile-text-align-inherit animate-false no-animation-type\" id=\"et-heading-993401\" data-delay=\"0\" data-mobile-font=\"24px\" data-mobile-line-height=\"inherit\" data-tablet-landscape-font=\"inherit\" data-tablet-portrait-font=\"inherit\" data-tablet-landscape-line-height=\"inherit\" data-tablet-portrait-line-height=\"inherit\" data-parallax=\"false\" data-move=\"false\" data-coordinatex=\"0\" data-coordinatey=\"0\" data-speed=\"10\"><span class=\"text-wrapper\"><span class=\"text\">Notre <span class=\"et-gap et-clearfix et-gap-1\"><\/span> Catalogue<\/span><\/span><\/h1><span class=\"et-gap et-clearfix et-gap-270331\"><\/span><a id=\"et-button-865036\" class=\"et-button icon-position-right modal-false large hover-fill click-none has-icon\" target=\"_self\" href=\"http:\/\/train-suarl.com\/wp-content\/uploads\/2019\/02\/Pre\u0301sentation-de-la-TRAIN-suarl.pdf\" data-animation-delay=\"0\" data-parallax=\"false\" data-move=\"false\" data-coordinatex=\"0\" data-coordinatey=\"0\" data-speed=\"10\"><span class=\"hover\"><\/span><span class=\"regular\"><\/span><span class=\"text\">Telecharger<\/span><span class=\"icon ien ien-earrow-3\"><\/span><\/a>[\/vc_column][\/vc_row]\n","protected":false},"excerpt":{"rendered":"<p>[vc_row][vc_column][vc_column_text animation_delay=&#8221;0&#8243;] [\/vc_column_text][\/vc_column][\/vc_row][vc_row element_id=&#8221;567439&#8243; css=&#8221;.vc_custom_1548937263345{padding-top: 96px !important;padding-bottom: 96px !important;background-color: #f5f5f5 !important;}&#8221;][vc_column animation_delay=&#8221;0&#8243; css_animation=&#8221;bottom-to-top&#8221; width=&#8221;1\/2&#8243; element_id=&#8221;221159&#8243; offset=&#8221;vc_col-lg-3 vc_col-md-3 vc_col-xs-12&#8243; crp=&#8221;480:i:i,480-768:i:i,768-1024:i:i,1024-1280:i:i,1280-1366:i:i,1366-1600:i:i,1600-1920:i:i&#8221;][\/vc_column][vc_column animation_delay=&#8221;150&#8243; css_animation=&#8221;bottom-to-top&#8221; width=&#8221;1\/2&#8243; element_id=&#8221;598914&#8243; offset=&#8221;vc_col-lg-3 vc_col-md-3 vc_col-xs-12&#8243; crp=&#8221;480:i:i,480-768:i:i,768-1024:i:i,1024-1280:i:i,1280-1366:i:i,1366-1600:i:i,1600-1920:i:i&#8221;][\/vc_column][vc_column animation_delay=&#8221;300&#8243; css_animation=&#8221;bottom-to-top&#8221; width=&#8221;1\/2&#8243; element_id=&#8221;75723&#8243; offset=&#8221;vc_col-lg-3 vc_col-md-3 vc_col-xs-12&#8243; crp=&#8221;480:i:i,480-768:i:i,768-1024:i:i,1024-1280:i:i,1280-1366:i:i,1366-1600:i:i,1600-1920:i:i&#8221;][\/vc_column][vc_column animation_delay=&#8221;450&#8243; css_animation=&#8221;bottom-to-top&#8221; width=&#8221;1\/2&#8243; element_id=&#8221;6121&#8243; offset=&#8221;vc_col-lg-3 vc_col-md-3 vc_col-xs-12&#8243; crp=&#8221;480:i:i,480-768:i:i,768-1024:i:i,1024-1280:i:i,1280-1366:i:i,1366-1600:i:i,1600-1920:i:i&#8221;][\/vc_column][\/vc_row][vc_row element_id=&#8221;667817&#8243; element_css=&#8221;.vc-row-667817 .parallax-container {background-image:url(http:\/\/train-suarl.com\/wp-content\/uploads\/2019\/01\/industrial6-2.jpg);}&#8221; grid_overlay=&#8221;white&#8221; parallax=&#8221;true&#8221; css=&#8221;.vc_custom_1546696454651{padding-top: 120px !important;padding-bottom: 120px !important;background: #212121 [&hellip;]<\/p>\n","protected":false},"author":1,"featured_media":17972,"parent":0,"menu_order":0,"comment_status":"closed","ping_status":"closed","template":"page-vc.php","meta":{"om_disable_all_campaigns":false,"_monsterinsights_skip_tracking":false,"_monsterinsights_sitenote_active":false,"_monsterinsights_sitenote_note":"","_monsterinsights_sitenote_category":0,"footnotes":""},"class_list":["post-8096","page","type-page","status-publish","has-post-thumbnail","hentry"],"aioseo_notices":[],"_links":{"self":[{"href":"https:\/\/train-suarl.com\/index.php\/wp-json\/wp\/v2\/pages\/8096","targetHints":{"allow":["GET"]}}],"collection":[{"href":"https:\/\/train-suarl.com\/index.php\/wp-json\/wp\/v2\/pages"}],"about":[{"href":"https:\/\/train-suarl.com\/index.php\/wp-json\/wp\/v2\/types\/page"}],"author":[{"embeddable":true,"href":"https:\/\/train-suarl.com\/index.php\/wp-json\/wp\/v2\/users\/1"}],"replies":[{"embeddable":true,"href":"https:\/\/train-suarl.com\/index.php\/wp-json\/wp\/v2\/comments?post=8096"}],"version-history":[{"count":28,"href":"https:\/\/train-suarl.com\/index.php\/wp-json\/wp\/v2\/pages\/8096\/revisions"}],"predecessor-version":[{"id":18105,"href":"https:\/\/train-suarl.com\/index.php\/wp-json\/wp\/v2\/pages\/8096\/revisions\/18105"}],"wp:featuredmedia":[{"embeddable":true,"href":"https:\/\/train-suarl.com\/index.php\/wp-json\/wp\/v2\/media\/17972"}],"wp:attachment":[{"href":"https:\/\/train-suarl.com\/index.php\/wp-json\/wp\/v2\/media?parent=8096"}],"curies":[{"name":"wp","href":"https:\/\/api.w.org\/{rel}","templated":true}]}}